{"id":903,"date":"2025-04-30T11:47:06","date_gmt":"2025-04-30T09:47:06","guid":{"rendered":"https:\/\/creasens.be\/?post_type=product&#038;p=903"},"modified":"2026-04-01T13:36:02","modified_gmt":"2026-04-01T11:36:02","slug":"bracelet-coeur","status":"publish","type":"product","link":"https:\/\/creasens.be\/index.php\/produit\/bracelet-coeur\/","title":{"rendered":"Bracelet coeur NEW"},"content":{"rendered":"<ul>\n<li>La taille du bracelet est de 16 cm, fermoir compris (cha\u00eene d&rsquo;extension de +5 cm)<\/li>\n<li>Mat\u00e9riau : acier inoxydable (acier inoxydable) = pas de d\u00e9coloration.<\/li>\n<li>Pays de fabrication : Pays-Bas<\/li>\n<li>Poids : 45,36 g (1,6 oz)<\/li>\n<\/ul>\n","protected":false},"excerpt":{"rendered":"<div class=\"flex max-w-full flex-col flex-grow\">\n<div class=\"min-h-8 text-message flex w-full flex-col items-end gap-2 whitespace-normal break-words [.text-message+&amp;]:mt-5\" dir=\"auto\" data-message-author-role=\"assistant\" data-message-id=\"9639d79b-066c-4484-9efa-e0f7e90118b3\" data-message-model-slug=\"gpt-4o\">\n<div class=\"flex w-full flex-col gap-1 empty:hidden first:pt-[3px]\">\n<div class=\"markdown prose w-full break-words dark:prose-invert dark\">\n<p>D\u00e9couvrez nos bracelets \u00e0 accrocher \u00e0 votre poignet ou \u00e0 offrir \u00e0 quelqu\u2019un qui a besoin de lumi\u00e8re et de douceur.<\/p>\n<p>Chaque achat soutient <strong>Cr\u00e9acoeur<\/strong>, un projet qui, \u00e0 l\u2019image des Restos du C\u0153ur, offre des <strong>bulles de r\u00e9confort cr\u00e9atif<\/strong> aux personnes \u00e9prouv\u00e9es par la vie, hospitalis\u00e9es ou en deuil.<\/p>\n<p>En portant ou en offrant ce bracelet, vous apportez un message de soutien et de bienveillance, tout en contribuant \u00e0 r\u00e9pandre un peu plus de lumi\u00e8re autour de vous.<\/p>\n<p>Un petit geste pour r\u00e9chauffer les c\u0153urs et semer de la douceur.<\/p>\n<\/div>\n<\/div>\n<\/div>\n<\/div>\n","protected":false},"featured_media":907,"template":"","meta":[],"product_brand":[],"product_cat":[21],"product_tag":[],"class_list":{"0":"post-903","1":"product","2":"type-product","3":"status-publish","4":"has-post-thumbnail","6":"product_cat-creacoeur","8":"first","9":"instock","10":"shipping-taxable","11":"purchasable","12":"product-type-simple"},"jetpack_sharing_enabled":true,"_links":{"self":[{"href":"https:\/\/creasens.be\/index.php\/wp-json\/wp\/v2\/product\/903","targetHints":{"allow":["GET"]}}],"collection":[{"href":"https:\/\/creasens.be\/index.php\/wp-json\/wp\/v2\/product"}],"about":[{"href":"https:\/\/creasens.be\/index.php\/wp-json\/wp\/v2\/types\/product"}],"wp:featuredmedia":[{"embeddable":true,"href":"https:\/\/creasens.be\/index.php\/wp-json\/wp\/v2\/media\/907"}],"wp:attachment":[{"href":"https:\/\/creasens.be\/index.php\/wp-json\/wp\/v2\/media?parent=903"}],"wp:term":[{"taxonomy":"product_brand","embeddable":true,"href":"https:\/\/creasens.be\/index.php\/wp-json\/wp\/v2\/product_brand?post=903"},{"taxonomy":"product_cat","embeddable":true,"href":"https:\/\/creasens.be\/index.php\/wp-json\/wp\/v2\/product_cat?post=903"},{"taxonomy":"product_tag","embeddable":true,"href":"https:\/\/creasens.be\/index.php\/wp-json\/wp\/v2\/product_tag?post=903"}],"curies":[{"name":"wp","href":"https:\/\/api.w.org\/{rel}","templated":true}]}}