{"id":81,"date":"2024-10-10T13:33:26","date_gmt":"2024-10-10T11:33:26","guid":{"rendered":"http:\/\/creaseh.cluster029.hosting.ovh.net\/?post_type=product&#038;p=81"},"modified":"2025-12-29T19:04:28","modified_gmt":"2025-12-29T18:04:28","slug":"formule-creakids-de-1h30","status":"publish","type":"product","link":"https:\/\/creasens.be\/index.php\/produit\/formule-creakids-de-1h30\/","title":{"rendered":"Formule Cr\u00e9akids de 1h30"},"content":{"rendered":"<p><strong>Venez vivre un moment unique dans mon atelier Cr\u00e9aKids \u00e0 Wezembeek-Oppem, un espace de cr\u00e9ativit\u00e9 sp\u00e9cialement con\u00e7u pour les enfants et leurs proches adultes anim\u00e9 par VANJA ! Que vous veniez en famille ou avec des amis, cet atelier est une parenth\u00e8se ludique et enrichissante pour se connecter diff\u00e9remment \u00e0 travers l\u2019art et l\u2019imagination.<\/strong><\/p>\n<p><strong>Ce que cet atelier Cr\u00e9aKids vous propose :<\/strong><\/p>\n<p><strong>Un moment \u00e0 partager :<\/strong> Cet atelier est une occasion parfaite pour que les enfants (\u00e0 partir de 5 ans) partagent un moment de cr\u00e9ativit\u00e9, que ce soit entre copains ou en famille. Ensemble, ils d\u00e9couvriront de nouvelles fa\u00e7ons d\u2019exprimer leurs \u00e9motions et d\u2019explorer leur imagination tout en s\u2019amusant.<\/p>\n<p><strong>Un voyage cr\u00e9atif :<\/strong> Pendant une s\u00e9ance d\u2019une heure trente, je guide les enfants \u00e0 travers diverses activit\u00e9s cr\u00e9atives comme le collage, la peinture, le dessin ou l\u2019\u00e9criture. Ce format est sp\u00e9cialement con\u00e7u pour capter leur attention et les aider \u00e0 se concentrer pleinement dans la r\u00e9alisation de leur propre journal intime cr\u00e9atif, un espace qu\u2019ils peuvent s\u2019approprier et continuer \u00e0 enrichir.<\/p>\n<p><strong>Un espace d\u2019expression :<\/strong> L\u2019atelier est accessible \u00e0 tous les enfants, m\u00eame ceux qui ne se consid\u00e8rent pas \u00ab\u00a0cr\u00e9atifs\u00a0\u00bb. Il n\u2019est pas n\u00e9cessaire d\u2019avoir des comp\u00e9tences particuli\u00e8res, l\u2019important est de s\u2019amuser, de se laisser porter par ses \u00e9motions et de cr\u00e9er en toute libert\u00e9, dans un cadre bienveillant.<\/p>\n<p><strong>Une concentration intense :<\/strong> Une heure trente de cr\u00e9ativit\u00e9 intense, c\u2019est la dur\u00e9e id\u00e9ale pour que les enfants puissent se concentrer tout en prenant plaisir \u00e0 explorer leur univers cr\u00e9atif. Ils peuvent participer seuls ou accompagn\u00e9s d\u2019un adulte, selon vos pr\u00e9f\u00e9rences. Maximum 4 personnes en m\u00eame temps dans l&rsquo;atelier.<\/p>\n<p><strong>Un souvenir pr\u00e9cieux :<\/strong> \u00c0 la fin de l\u2019atelier, chaque participant adulte comme enfant repart avec son propre journal intime cr\u00e9atif, un petit tr\u00e9sor personnel qu\u2019il pourra continuer \u00e0 compl\u00e9ter \u00e0 la maison. Ce sera le souvenir d\u2019un moment unique et amusant partag\u00e9 avec des amis ou en famille.<\/p>\n<p><strong>Facile \u00e0 organiser :<\/strong> Prenez rendez-vous via mon agenda en ligne et venez \u00e0 l\u2019atelier situ\u00e9 Rue du Ruisseau 104 \u00e0 Wezembeek-Oppem. Cet atelier est une opportunit\u00e9 de proposer \u00e0 vos enfants une activit\u00e9 enrichissante et ludique, o\u00f9 ils pourront s\u2019amuser tout en cr\u00e9ant quelque chose de pr\u00e9cieux.<\/p>\n<hr \/>\n<p><strong>Cet atelier Cr\u00e9aKids est con\u00e7u pour les enfants, frateries, familles avec des enfants d\u00e8s 5 ans, avec ou sans adultes. L&rsquo;atelier est con\u00e7u pour que les adultes y trouvent aussi leur compte.\u00a0<\/strong> C\u2019est une belle occasion de les voir s\u2019exprimer librement et de leur offrir un moment de concentration et de plaisir cr\u00e9atif. Que ce soit entre amis ou en famille, cet atelier permet de cr\u00e9er ensemble des souvenirs joyeux et color\u00e9s, dans un cadre bienveillant.<\/p>\n","protected":false},"excerpt":{"rendered":"<p>D\u00e9couvrez un atelier unique d&rsquo;une heure trente dans mon univers cr\u00e9atif pour 4 personnes maximum, \u00e0 Wezembeek-Oppem.<\/p>\n<p>Laissez vous guider dans un voyage cr\u00e9atif avec des moments de collage, dessin, peinture et \u00e9criture dans un journal intime cr\u00e9atif.<\/p>\n<p><strong>Cet atelier Cr\u00e9aKids est con\u00e7u pour les enfants de 5 \u00e0 10 ans, avec ou sans accompagnateur.<\/strong> C\u2019est une belle occasion de les voir s\u2019exprimer librement et de leur offrir un moment de concentration et de plaisir cr\u00e9atif autour des \u00e9motions. Que ce soit entre amis ou en famille, cet atelier permet de cr\u00e9er ensemble des souvenirs joyeux et color\u00e9s, dans un cadre bienveillant.<\/p>\n<p>Tout est fourni, il suffit de r\u00e9server votre place en ligne pour partager un moment inoubliable !<\/p>\n<ul>\n<li>Description d\u00e9taill\u00e9e de l&rsquo;atelier en dessous de l&rsquo;Agenda.<\/li>\n<li>Note : Les ateliers du mercredi apr\u00e8s-midi et samedi sont anim\u00e9s par Vanja<\/li>\n<\/ul>\n","protected":false},"featured_media":83,"template":"","meta":[],"product_brand":[],"product_cat":[18],"product_tag":[],"class_list":{"0":"post-81","1":"product","2":"type-product","3":"status-publish","4":"has-post-thumbnail","6":"product_cat-creakids","8":"first","9":"instock","10":"sold-individually","11":"shipping-taxable","12":"purchasable","13":"product-type-booking"},"jetpack_sharing_enabled":true,"_links":{"self":[{"href":"https:\/\/creasens.be\/index.php\/wp-json\/wp\/v2\/product\/81","targetHints":{"allow":["GET"]}}],"collection":[{"href":"https:\/\/creasens.be\/index.php\/wp-json\/wp\/v2\/product"}],"about":[{"href":"https:\/\/creasens.be\/index.php\/wp-json\/wp\/v2\/types\/product"}],"wp:featuredmedia":[{"embeddable":true,"href":"https:\/\/creasens.be\/index.php\/wp-json\/wp\/v2\/media\/83"}],"wp:attachment":[{"href":"https:\/\/creasens.be\/index.php\/wp-json\/wp\/v2\/media?parent=81"}],"wp:term":[{"taxonomy":"product_brand","embeddable":true,"href":"https:\/\/creasens.be\/index.php\/wp-json\/wp\/v2\/product_brand?post=81"},{"taxonomy":"product_cat","embeddable":true,"href":"https:\/\/creasens.be\/index.php\/wp-json\/wp\/v2\/product_cat?post=81"},{"taxonomy":"product_tag","embeddable":true,"href":"https:\/\/creasens.be\/index.php\/wp-json\/wp\/v2\/product_tag?post=81"}],"curies":[{"name":"wp","href":"https:\/\/api.w.org\/{rel}","templated":true}]}}