{"id":1034,"date":"2025-06-06T10:22:11","date_gmt":"2025-06-06T08:22:11","guid":{"rendered":"https:\/\/creasens.be\/?post_type=product&#038;p=1034"},"modified":"2026-03-25T10:09:21","modified_gmt":"2026-03-25T09:09:21","slug":"carnet-de-deuil-2026","status":"publish","type":"product","link":"https:\/\/creasens.be\/index.php\/produit\/carnet-de-deuil-2026\/","title":{"rendered":"Carnet de deuil en petit groupe 25 et 26 juin"},"content":{"rendered":"<p>Plongez dans une parenth\u00e8se de douceur et de bienveillance avec <strong>l\u2019atelier de Carnet de Deuil<\/strong> sur deux jours, \u00e0 mon atelier Cr\u00e9asens \u00e0 Wezembeek-Oppem.<\/p>\n<p><strong>Ce que cet atelier vous propose :<\/strong><\/p>\n<ul>\n<li><strong>Deux journ\u00e9es compl\u00e8tes<\/strong> : De 9h30 \u00e0 16h30\/17h00, nous nous immergeons dans la cr\u00e9ation d\u2019un Carnet de Deuil. Vous pourrez explorer vos \u00e9motions et honorer une perte personnelle \u00e0 travers la cr\u00e9ativit\u00e9 (collage, peinture, \u00e9criture). Chaque page de votre carnet refl\u00e8tera votre propre cheminement de deuil.<\/li>\n<li><strong>Un espace chaleureux<\/strong> : Tout est pens\u00e9 pour votre confort. Je vous accueille dans un cadre bienveillant o\u00f9 vous n&rsquo;avez \u00e0 vous soucier de rien. Le lunch, les boissons et les snacks sont inclus, et vous pourrez profiter du jardin et de la terrasse durant les pauses.<\/li>\n<li><strong>Du temps suppl\u00e9mentaire<\/strong> : Pour ceux qui le souhaitent, il est possible de rester un peu plus tard pour finaliser certaines pages du carnet en toute tranquillit\u00e9.<\/li>\n<li><strong>Un petit groupe intimiste<\/strong> : L&rsquo;atelier est accessible uniquement aux adultes, avec un maximum de 4 \u00e0 6 participants. Ce format en petit groupe favorise un espace d\u2019expression. Un minimum de 3 participants est requis pour maintenir l&rsquo;atelier.<\/li>\n<li><strong>Des ateliers r\u00e9guliers<\/strong> : J\u2019essaie de proposer un atelier Carnet de Deuil chaque mois (hors vacances scolaires).<\/li>\n<li><strong>Ce n\u2019est pas un groupe de parole<\/strong> : L\u2019atelier n\u2019est pas destin\u00e9 \u00e0 \u00e9changer verbalement sur le deuil, mais \u00e0 vous plonger dans une d\u00e9marche personnelle de r\u00e9flexion et de cr\u00e9ation \u00e0 travers le carnet.<\/li>\n<\/ul>\n<p>Cet atelier est une bulle cr\u00e9ative, un espace de r\u00e9flexion et de cr\u00e9ation pour cheminer \u00e0 votre rythme dans un cadre s\u00e9curis\u00e9 et bienveillant. Vous repartirez avec un Carnet de Deuil unique, un souvenir pr\u00e9cieux de ce processus cr\u00e9atif.<\/p>\n","protected":false},"excerpt":{"rendered":"<p>Venez vivre deux journ\u00e9es de cr\u00e9ation dans mon atelier Cr\u00e9asens \u00e0 Wezembeek-Oppem avec l\u2019<strong>atelier Carnet de Deuil<\/strong>.<\/p>\n<p>Plongez dans un espace bienveillant pour explorer votre deuil \u00e0 travers un journal intime cr\u00e9atif (collage, peinture, \u00e9criture).<\/p>\n<p>Tout est inclus (lunch, boissons, mat\u00e9riel), vous n&rsquo;avez \u00e0 vous soucier de rien.<\/p>\n<p>L&rsquo;atelier, r\u00e9serv\u00e9 aux adultes, se d\u00e9roule en petit groupe de 3 \u00e0 5 personnes.<\/p>\n<p>Ce n&rsquo;est pas un groupe de parole, mais un espace de r\u00e9flexion personnelle et cr\u00e9ative.<\/p>\n<p>Ateliers propos\u00e9s chaque mois, contactez-moi pour les prochaines dates.<\/p>\n<ul>\n<li>Description d\u00e9taill\u00e9e de l&rsquo;atelier ci-dessous<\/li>\n<\/ul>\n","protected":false},"featured_media":379,"template":"","meta":[],"product_brand":[],"product_cat":[20],"product_tag":[],"class_list":{"0":"post-1034","1":"product","2":"type-product","3":"status-publish","4":"has-post-thumbnail","6":"product_cat-creadeuil","8":"first","9":"instock","10":"shipping-taxable","11":"purchasable","12":"product-type-simple"},"jetpack_sharing_enabled":true,"_links":{"self":[{"href":"https:\/\/creasens.be\/index.php\/wp-json\/wp\/v2\/product\/1034","targetHints":{"allow":["GET"]}}],"collection":[{"href":"https:\/\/creasens.be\/index.php\/wp-json\/wp\/v2\/product"}],"about":[{"href":"https:\/\/creasens.be\/index.php\/wp-json\/wp\/v2\/types\/product"}],"wp:featuredmedia":[{"embeddable":true,"href":"https:\/\/creasens.be\/index.php\/wp-json\/wp\/v2\/media\/379"}],"wp:attachment":[{"href":"https:\/\/creasens.be\/index.php\/wp-json\/wp\/v2\/media?parent=1034"}],"wp:term":[{"taxonomy":"product_brand","embeddable":true,"href":"https:\/\/creasens.be\/index.php\/wp-json\/wp\/v2\/product_brand?post=1034"},{"taxonomy":"product_cat","embeddable":true,"href":"https:\/\/creasens.be\/index.php\/wp-json\/wp\/v2\/product_cat?post=1034"},{"taxonomy":"product_tag","embeddable":true,"href":"https:\/\/creasens.be\/index.php\/wp-json\/wp\/v2\/product_tag?post=1034"}],"curies":[{"name":"wp","href":"https:\/\/api.w.org\/{rel}","templated":true}]}}

<p>Plongez dans une parenthèse de douceur et de bienveillance avec <strong>l’atelier de Carnet de Deuil</strong> sur deux jours, à mon atelier Créasens à Wezembeek-Oppem.</p>
<p><strong>Ce que cet atelier vous propose :</strong></p>
<ul>
<li><strong>Deux journées complètes</strong> : De 9h30 à 16h30/17h00, nous nous immergeons dans la création d’un Carnet de Deuil. Vous pourrez explorer vos émotions et honorer une perte personnelle à travers la créativité (collage, peinture, écriture). Chaque page de votre carnet reflètera votre propre cheminement de deuil.</li>
<li><strong>Un espace chaleureux</strong> : Tout est pensé pour votre confort. Je vous accueille dans un cadre bienveillant où vous n&rsquo;avez à vous soucier de rien. Le lunch, les boissons et les snacks sont inclus, et vous pourrez profiter du jardin et de la terrasse durant les pauses.</li>
<li><strong>Du temps supplémentaire</strong> : Pour ceux qui le souhaitent, il est possible de rester un peu plus tard pour finaliser certaines pages du carnet en toute tranquillité.</li>
<li><strong>Un petit groupe intimiste</strong> : L&rsquo;atelier est accessible uniquement aux adultes, avec un maximum de 4 à 6 participants. Ce format en petit groupe favorise un espace d’expression. Un minimum de 3 participants est requis pour maintenir l&rsquo;atelier.</li>
<li><strong>Des ateliers réguliers</strong> : J’essaie de proposer un atelier Carnet de Deuil chaque mois (hors vacances scolaires).</li>
<li><strong>Ce n’est pas un groupe de parole</strong> : L’atelier n’est pas destiné à échanger verbalement sur le deuil, mais à vous plonger dans une démarche personnelle de réflexion et de création à travers le carnet.</li>
</ul>
<p>Cet atelier est une bulle créative, un espace de réflexion et de création pour cheminer à votre rythme dans un cadre sécurisé et bienveillant. Vous repartirez avec un Carnet de Deuil unique, un souvenir précieux de ce processus créatif.</p>

<p>Venez vivre deux journées de création dans mon atelier Créasens à Wezembeek-Oppem avec l’<strong>atelier Carnet de Deuil</strong>.</p>
<p>Plongez dans un espace bienveillant pour explorer votre deuil à travers un journal intime créatif (collage, peinture, écriture).</p>
<p>Tout est inclus (lunch, boissons, matériel), vous n&rsquo;avez à vous soucier de rien.</p>
<p>L&rsquo;atelier, réservé aux adultes, se déroule en petit groupe de 3 à 5 personnes.</p>
<p>Ce n&rsquo;est pas un groupe de parole, mais un espace de réflexion personnelle et créative.</p>
<p>Ateliers proposés chaque mois, contactez-moi pour les prochaines dates.</p>
<ul>
<li>Description détaillée de l&rsquo;atelier ci-dessous</li>
</ul>
